the greatest common divisor of q and 360?
8
Let w = 146 + -143. Suppose -380 = w*m - 7*m. What is the highest common factor of 19 and m?
19
Let b(g) = -g**3 - 25*g**2 - 25*g - 25. Let k be b(-24). Let l be ((-2900)/174)/((-2)/(-9)*k). What is the greatest common factor of l and 10?
5
Let m = 1949 + -1780. Calculate the highest common divisor of 52 and m.
13
Let l be (12/(-18))/(3/(-27)). Suppose 0 = -l*p + 9*p - 132. Let d = 50 - p. What is the highest common factor of 48 and d?
6
Suppose 0 = 6*c - 10 - 14. Suppose 7*n = c*n + 60. Suppose -n = -o - 2*d, -2*d + 1 + 3 = 0. What is the highest common factor of 2 and o?
2
Suppose 160*f - 349925 + 43045 = 0. What is the greatest common factor of f and 14?
14
Let o = 3855 - 3779. Calculate the greatest common factor of o and 104.
4
Suppose -28*h - 711 = -2021 - 930. Calculate the highest common factor of h and 180.
20
Let i = -3953 + 4903. What is the greatest common factor of 418 and i?
38
Let u = 93 - 53. Let r = 2392 - 2272. What is the greatest common factor of u and r?
40
Suppose -10*m + 97482 - 11916 = -4*m. What is the highest common factor of m and 13?
13
Let b be (-44)/(-5)*5/2. Suppose -66*s + 1259 = 66*s - 1645. Calculate the highest common divisor of s and b.
22
Suppose -234 = -14*g + 176 - 158. Let m(x) = -x**3 + 2*x - 3. Let d be m(-3). What is the highest common divisor of g and d?
18
Suppose 5*w + 52690 = 2*v, 0 = 133*v - 132*v - w - 26333. Calculate the highest common factor of 27 and v.
27
Let b(a) = 6 + 4 + 17 + 33 - 8*a. Let w be b(2). Calculate the greatest common divisor of w and 12.
4
Suppose 83 = 2*c - 59. Let a = c - 17. Let w(s) = -2*s + 18. Let t be w(6). What is the greatest common divisor of t and a?
6
Suppose 6*v - 4*v + 16 = -2*s, -2*v + 3*s - 16 = 0. Let j = 2 + v. Let l be (2/j)/(3/(-99)). What is the highest common divisor of l and 55?
11
Let p(c) = 5*c**2 - 216*c + 256. Let i be p(49). What is the greatest common factor of i and 429?
39
Let l = -16726 + 17422. Calculate the highest common factor of 264 and l.
24
Suppose s - 5*j - 278 = 0, 5*j + 280 = s + j. What is the highest common factor of 104 and s?
8
Let o be 3/((-3)/(-358)*-2). Let f = -139 - o. Calculate the highest common factor of 5 and f.
5
Let u be -32 + 2680/80 + ((-1623)/(-2))/3. What is the highest common divisor of u and 104?
8
Let n be 2/(-19) - 39114/(-114). Calculate the greatest common divisor of 833 and n.
49
Suppose 0 = -466*o + 474*o - 6392. Suppose 240 = 804*b - o*b. What is the greatest common factor of b and 6?
6
Suppose 1030 = 3*p - 2*o, -4*o = -34*p + 30*p + 1376. Let h = -147 + 185. What is the greatest common divisor of h and p?
38
Let z(s) = -s**2 - 49*s + 4709. Let l be z(48). What is the greatest common divisor of l and 4293?
53
Suppose 4*f - 15 - 29 = 0. Let m = 1144 - 1122. Calculate the highest common divisor of m and f.
11
Let p be 13/((-429)/6) + (-204)/(-33). Let s(k) = k**3 - 3*k**2 - 17*k + 38. Let l be s(p). What is the greatest common divisor of 352 and l?
44
Let a(w) = 2*w**2 + 4505*w + 78. Let j be a(0). Suppose 0 = -b + 304 + 125. What is the greatest common factor of j and b?
39
Suppose -6*o + 8 = -3*o + t, -o - 4 = -3*t. Suppose -i + 28 = 4*q, 2*q + o*i = -2*i + 14. Calculate the highest common divisor of q and 224.
7
Suppose 6*v + 2*m - 24 = 5*v, 4*v - 2*m = 46. Suppose -16 = -2*z + v. Calculate the greatest common factor of 65 and z.
5
Let w be (-10850)/(-500) - 3/(-10). Suppose 3*c - 792 = -5*c. Calculate the greatest common factor of c and w.
11
Let d = -1425 - -2465. Suppose d = 29*n - 120. What is the highest common divisor of n and 360?
40
Suppose -300*n - 7089 = -317*n + 459. What is the highest common factor of n and 28?
4
Suppose 75 = -2*v - 2*b - 11, 4*v - 5*b + 199 = 0. Let o = 50 + v. Suppose 0 = o*y - 70 - 18. Calculate the highest common factor of 242 and y.
22
Suppose 87*w = 86*w + 4*c + 32, -57 = -3*w - c. What is the highest common divisor of 5540 and w?
20
Let j(t) = -t**2 - 542*t + 129. Let i be j(0). What is the highest common divisor of 344 and i?
43
Let t = -332 + 162. Let q = t + 175. Calculate the highest common factor of 4 and q.
1
Let m = 2 + 2. Suppose -5*l + 2 = 12. Let d(j) = -j + 2. Let a be d(l). Calculate the highest common factor of a and m.
4
Suppose -2*g + 142 = -3*x, 8*g - 315 = 4*x + 253. Calculate the greatest common factor of g and 25.
1
Let o = 46 - -17. Suppose -3*x + 0 = -o. Suppose -5*c = -3*i + 489, -2*i + 678 = 2*i + 2*c. What is the highest common divisor of x and i?
21
Let n = 22 - 31. Let g be 32/12 + -3 - 2163/n. What is the greatest common divisor of g and 16?
16
Let l(x) = -5*x**2 - 552*x + 78. Let w be l(-105). Calculate the highest common factor of w and 12.
3
Let r(q) = 50*q**2 + 278*q + 6. Let a be r(-7). Calculate the greatest common divisor of a and 408.
102
Let b(x) = 31*x + 84. Let l be b(14). Let q = l - 386. Calculate the greatest common divisor of 24 and q.
12
Let r = 835 - 737. Calculate the highest common divisor of r and 63.
7
Suppose -123*l + 18 = -117*l. Suppose 5*b = l*v + v + 748, -v + 155 = b. Calculate the highest common factor of 209 and b.
19
Suppose 0 = 3*l - 3*n - 1430 + 179, 0 = l - 3*n - 415. Suppose l = 10*x + 68. Calculate the greatest common factor of 245 and x.
35
Let t(k) = 57*k + 50. Let o be t(9). Suppose o + 295 = 26*p. Calculate the highest common factor of p and 55.
11
Suppose -3*o - 2*h + 25 = -41, 0 = -h - 3. Let m(g) be the second derivative of g**3/6 - g**2 + g. Let b be m(6). What is the greatest common factor of o and b?
4
Suppose -t + 5*n + 0*n + 116 = 0, -3*t = 3*n - 366. Suppose -15*z + 80 = -13*z. Let d = z - 29. What is the greatest common divisor of d and t?
11
Let z be (-1)/(-5)*(-10)/(-3)*6. Suppose -z*o + 13*o = -315. Let j = 42 + o. What is the highest common divisor of 35 and j?
7
Let a(w) = -5*w**2 + 3*w + 112. Let v be a(0). What is the highest common divisor of v and 686?
14
Suppose 10*t - t + 621 = 0. Let m = 64 + t. Let f be m*5*(-7 + -11). What is the greatest common divisor of f and 50?
50
Suppose 820*s = 821*s + 4*y - 42, -3*y - 126 = -3*s. What is the highest common divisor of s and 1022?
14
Let d be 1/(0 + 1) - -67. Suppose -2*k = -0*z - z - 29, -2*z = 5*k - d. Suppose 471*n - 477*n + 49 = -35. What is the greatest common divisor of n and k?
14
Let m = 3442 - 3436. What is the highest common divisor of m and 3174?
6
Let r = -292 - -760. Let u = 1574 + -1502. What is the highest common factor of r and u?
36
Suppose 0 = -2*q + 6*b - b + 214, -3*q + 314 = -4*b. Let d(t) = 6*t**2 + 302*t - 909. Let c be d(3). What is the greatest common factor of q and c?
51
Let w = -4036 - -4098. Calculate the greatest common divisor of w and 2.
2
Let b(i) = -5*i**2 + 30*i + 7. Let t be b(6). Suppose 0 = -t*u + 116 + 185. Calculate the greatest common factor of u and 473.
43
Suppose 0 = -174*q + 170*q + 2*u + 254, -5*u = -4*q + 257. Calculate the greatest common divisor of 1743 and q.
21
Let b be ((-13 - -7) + 2/3)*-6. Suppose -9*x + b = -4. Let t be 4*-9*(-4)/48. Calculate the highest common divisor of t and x.
1
Let o(s) = -55*s - 9. Let f be o(-3). Suppose 2*z + b - 116 = 90, -3*z + b + 314 = 0. Calculate the greatest common factor of f and z.
52
Let h(k) = 347*k + 1831. Let g be h(23). What is the greatest common factor of g and 44?
44
Let h = -661 + 673. Let p(v) = v**3 + 9*v**2 + 2*v - 12. Let z be p(-9). Let q be (-355)/z + (-1)/(-6). What is the highest common factor of q and h?
12
Suppose 2*y = 2*m - 60, 0*m - 4*y = m - 15. Let s be (-11)/33 + (-6)/m*-42. Suppose -s*l = -14*l + 280. What is the highest common divisor of 16 and l?
8
Let x(a) = -a**3 + 5*a**2 + 64*a + 9. Let r be x(0). Let k = 9 - 3. Calculate the greatest common factor of r and k.
3
Let y be (-1 + (-12)/(-8))*2*3. Let t(r) = -38*r**2 + 6*r - 5. Let j be t(y). Let x = -185 - j. Calculate the highest common divisor of x and 16.
16
Let i = -8827 + 8830. Calculate the greatest common divisor of 49 and i.
1
Let l(g) = -g**3 + 10*g**2 + 15*g + 21. Let q be l(-9). Suppose -10*r + 3*m + 7217 = -5*r, r = -4*m + q. What is the highest common divisor of r and 11?
11
Let r be (1 - (2 + -2))*(-12)/12. Let a be r + 94/6*3. Let h = a - 32. Calculate the highest common divisor of h and 2.
2
Suppose -10*n + 21 =